a) = 2*a**3 - 39*a**2 + 127*a + 119. Calculate l(15).
-1
Let q(d) = 229*d - 313. What is q(1)?
-84
Let h(q) = -2*q**2 - 58*q - 170. Give h(-3).
-14
Let x(c) = 2*c**2 - c - 51. Determine x(-4).
-15
Let p(l) = -11*l**2 + 242*l + 65. Give p(24).
-463
Let b(k) = 123*k**2 + 28*k + 29. Determine b(-1).
124
Let l(b) = -2*b**2 + 5*b + 10. Give l(11).
-177
Let r(s) = s**2 + s - 77. Calculate r(12).
79
Let d(i) = 2*i**2 + 22*i + 37. Give d(-5).
-23
Let a(m) = 6*m**2 - 2. Give a(1).
4
Let k(g) = g**3 - 5*g**2 - 5*g + 49. Give k(4).
13
Let x(p) = 6*p**2 + 6*p + 6. Calculate x(-3).
42
Let i(m) = -m**3 - 8*m**2 + 8*m - 14. Give i(-7).
-119
Let x(f) = -31*f**2 - 227*f - 65. Give x(-7).
5
Let z(r) = -5*r**3 - 9*r**2 + 3*r + 11. Calculate z(-1).
4
Let q(z) = -z**2 - 15*z + 1135. Give q(27).
1
Let u(v) = 8*v**3 - 23*v**2 - 19*v + 43. Give u(3).
-5
Let r(x) = -7*x**3 - 23*x**2 - 98*x - 9. Give r(-5).
781
Let r(v) = 25*v**2 + 98*v. Determine r(-5).
135
Let c(y) = 4*y**2 - 79*y - 142. Calculate c(23).
157
Let c(m) = -m**3 - 95*m**2 - 695*m + 58. Give c(-87).
-29
Let w(z) = z**3 - 53*z**2 - 395*z + 12716. Give w(56).
4
Let c(i) = -9*i**2 + 586*i - 75. Determine c(65).
-10
Let y(f) = -3*f**2 + 166*f - 280. Give y(54).
-64
Let q(r) = r**3 - 9*r**2 + 5*r + 5. Give q(8).
-19
Let t(f) = 30*f + 2430. What is t(-81)?
0
Let n(f) = 5*f**2 - 352*f + 1464. Calculate n(66).
12
Let y(f) = f**2 - 21*f + 105. Calculate y(0).
105
Let i(h) = 2*h**2 + 23*h + 16. What is i(-11)?
5
Let u(d) = -576*d + 1739. What is u(3)?
11
Let w(v) = 7*v + 4. Give w(-25).
-171
Let w(m) = m**2 - 29*m + 58. What is w(2)?
4
Let h(v) = -2*v - 2. Calculate h(-5).
8
Let n(d) = -d**3 + 8*d**2 - 65*d + 315. Determine n(6).
-3
Let a(j) = j**2 - 802*j - 4773. What is a(-6)?
75
Let x(v) = -2*v**2 - 33*v - 146. Give x(-4).
-46
Let y(a) = 2*a**2 - 130*a + 13. What is y(65)?
13
Let f(i) = 13*i**3 - 179*i + 178. Give f(1).
12
Let a(x) = x**3 - 63*x**2 + 92*x - 1888. Determine a(62).
-28
Let d(b) = 21*b + 1077. Determine d(-50).
27
Let c(h) = 2*h**3 + 19*h**2 - 4*h + 17. What is c(0)?
17
Let p(k) = -k**3 + 28*k**2 + 20*k + 75. Determine p(28).
635
Let c(q) = -323*q - 2185. Calculate c(-7).
76
Let z(b) = 2*b**3 + 62*b**2 + 59*b + 40. Give z(-30).
70
Let r(o) = -o**3 + 26*o**2 - 77*o + 195. Calculate r(23).
11
Let k(q) = q**2 + 142*q + 2468. What is k(-121)?
-73
Let p(v) = 2*v**3 - v**2 + 9*v - 11. What is p(2)?
19
Let q(v) = -12*v**2 - 2*v + 9. What is q(-4)?
-175
Let r(f) = -f**3 + 26*f**2 + 29*f - 16. Determine r(27).
38
Let n(w) = 4*w - 31. What is n(5)?
-11
Let q(o) = -13*o + 490. Give q(47).
-121
Let q(j) = -j**3 + 6*j**2 - 19*j - 8. Calculate q(3).
-38
Let z(w) = -w**2 + 125*w - 731. Determine z(6).
-17
Let u(y) = -63*y - 47. What is u(-1)?
16
Let v(o) = o**2 + 5*o - 1799. Determine v(-45).
1
Let g(h) = h**2 - 234*h + 13064. What is g(142)?
0
Let w(k) = -k**3 - 14*k**2 + 25*k - 1. What is w(2)?
-15
Let l(p) = -p**3 + 14*p**2 + 10*p - 6. Determine l(15).
-81
Let j(m) = -10*m**2 - 124*m - 274. Give j(-3).
8
Let n(c) = 2*c**3 - c**2 + 123*c - 248. Determine n(2).
10
Let f(u) = -u**2 + 106*u - 2651. Calculate f(59).
122
Let q(j) = j**2 + 98*j + 1558. Calculate q(-78).
-2
Let b(a) = 2*a**3 - 12*a**2 - 10*a - 43. Calculate b(7).
-15
Let r(b) = 4*b**2 - 118*b + 283. Calculate r(27).
13
Let w(r) = -r**2 - 37*r - 243. Calculate w(-14).
79
Let d(z) = z**2 + 28*z - 44. Determine d(3).
49
Let b(n) = 10*n**2 - 65*n - 269. What is b(-4)?
151
Let b(j) = -j**3 - 6*j**2 - j - 3. Determine b(-6).
3
Let g(k) = k**2 - 29*k + 144. What is g(11)?
-54
Let r(v) = 15*v**2 + 509*v + 1. Determine r(-34).
35
Let c(g) = g**3 - 195*g**2 + 205*g - 2140. Determine c(194).
-6
Let d(i) = -i**2 + 217*i - 10121. What is d(149)?
11
Let x(h) = -h**2 - 49*h - 581. What is x(-29)?
-1
Let d(g) = -5*g**2 - 141*g - 37. Calculate d(-28).
-9
Let x(b) = -b**3 + 57*b**2 + 21*b - 1173. Determine x(57).
24
Let d(q) = -q**3 - 6*q**2 - 15*q - 28. Give d(-4).
0
Let u(r) = 2*r**2 + 14*r + 9. What is u(-4)?
-15
Let b(m) = -m**2 - 78*m - 1473. Give b(-31).
-16
Let k(b) = b**3 - 16*b**2 + 4*b - 56. Determine k(15).
-221
Let v(p) = 2*p**2 - 45*p + 32. Give v(22).
10
Let h(p) = -6*p**2 - 419*p + 3308. What is h(-77)?
-3
Let s(f) = f**3 - 382*f**2 + 1138*f + 1. Give s(3).
4
Let l(x) = -4*x**2 + 24*x - 5. Determine l(0).
-5
Let u(t) = 955*t - 15277. Determine u(16).
3
Let t(x) = 93*x - 1205. Determine t(13).
4
Let p(d) = 406*d + 66972. Give p(-165).
-18
Let n(o) = -o**3 - 56*o**2 + 118*o + 5. Determine n(2).
9
Let r(g) = 896*g - 35838. Determine r(40).
2
Let m(a) = 2*a**3 + 46*a**2 + 55*a + 16. Calculate m(-22).
-226
Let t(l) = 18*l**2 + 8*l - 24. Determine t(2).
64
Let g(v) = 84*v + 16543. What is g(-197)?
-5
Let g(b) = -10*b**2 - 31*b - 23. What is g(-5)?
-118
Let h(z) = -6*z**3 - 40*z**2 - 26*z + 1. Give h(-6).
13
Let j(d) = 5*d + 99. Calculate j(-9).
54
Let n(h) = -h**2 - 252*h - 12281. Calculate n(-186).
-5
Let l(a) = 344*a - 6193. Give l(18).
-1
Let x(i) = 3*i**2 + 34*i + 187. Determine x(-7).
96
Let j(a) = -16*a + 177. Determine j(11).
1
Let q(w) = 25*w + 551. What is q(-19)?
76
Let q(u) = u**2 + 10817*u + 54064. Determine q(-5).
4
Let a(p) = -220*p - 4672. What is a(-21)?
-52
Let b(a) = -a**3 - a**2 + 49*a + 6. Give b(-8).
62
Let z(y) = -y**3 + 20*y**2 - 86*y - 40. What is z(6)?
-52
Let o(q) = 69*q + 1379. Give o(-20).
-1
Let a(w) = 73*w + 4866. Calculate a(-65).
121
Let d(f) = -7112*f + 85344. Give d(12).
0
Let q(i) = -4*i**2 + 9*i - 28. Calculate q(3).
-37
Let m(o) = o**2 - 6*o - 4506. Calculate m(-67).
385
Let t(k) = -k**2 - 13*k - 17. Calculate t(-11).
5
Let g(a) = -a**3 - 53*a**2 + 32*a - 7610. Determine g(-56).
6
Let k(a) = 1819*a - 20031. Calculate k(11).
-22
Let r(v) = -v**3 + 25*v + 71. What is r(-3)?
23
Let y(j) = 2*j**3 + 23*j**2 + 33*j + 74. Determine y(-8).
258
Let m(v) = 127*v - 2471. Give m(19).
-58
Let f(d) = d**2 + 2*d - 91. Determine f(9).
8
Let l(a) = 19*a**2 + 2*a - 13. Give l(4).
299
Let p(o) = 72*o + 1375. Calculate p(-19).
7
Let w(v) = v**3 + 12*v**2 + 31*v + 1. What is w(-7)?
29
Let q(h) = 12*h - 56. What is q(7)?
28
Let o(t) = t**3 + t**2 - 150*t - 305. Give o(-2).
-9
Let f(g) = -g**2 - 36*g - 9. Give f(-34).
59
Let f(o) = o**3 + 11*o**2 + 32*o + 1. Determine f(-5).
-9
Let s(z) = -z**3 - 88*z**2 + 464*z - 81. Calculate s(-93).
12
Let s(c) = -17*c**3 + c**2 + 10*c + 17. Give s(-2).
137
Let k(z) = -z**2 - 39*z - 258. Calculate k(-13).
80
Let j(u) = 161*u - 1332. Determine j(8).
-44
Let f(l) = 100*l + 1809. Determine f(-18).
9
Let y(a) = -a**2 + 2729*a - 48792. Calculate y(18).
6
Let i(b) = -b**3 + 5*b**2 + 20*b - 8. Calculate i(-3).
4
Let o(y) = -y**3 + 173*y**2 - 502*y - 1355. What is o(170)?
5
Let f(u) = 18*u**2 + 1403*u - 76. What is f(-78)?
2
Let j(o) = 5*o**3 - 24*o**2 - 9*o + 45. Determine j(5).
25
Let p(m) = -767*m + 34507. Calculate p(45).
-8
Let l(c) = 38*c - 109. What is l(-19)?
-831
Let h(j) = 2*j**3 + 74*j**2 - 6*j - 92. Determine h(-37).
130
Let l(h) = 844*h - 793. Give l(1).
51
Let f(j) = 5*j**2 - 121*j + 245. Determine f(22).
3
Let k(n) = -197*n + 4126. Calculate k(21).
-11
Let x(p) = -597*p - 1293. Calculate x(-2).
-99
Let d(y) = -51*y - 2344. Give d(-48).
104
Let h(z) = -53*z**2 + 1377*z + 51. Give h(26).
25
Let z(d) = d**3 + 55*d**2 - 38*d + 1044. Determine z(-56).
36
Let y(p) = -p**2 + 26*p + 10. Determine y(23).
79
Let k(g) = 696*g + 4822. Give k(-7).
-50
Let l(b) = -b**2 - b + 102. Determine l(12).
-54
Let j(m) = -31*m - 887. Give j(-44).
477
Let c(h) = -2*h**3 + 10*h**2 + 16*h - 10. Determine c(7).
-94
Let i(s) = 3*s**2 + 124*s + 1244. What is i(-17)?
3
Let o(k) = -196*k - 2745. Calculate o(-15).
195
Let b(s) = -s**3 - 17*s**2 - 154*s - 1882. Give b(-15).
-22
Let q(f) = -7*f**2 + 129*f - 3. What is q(20)?
-223
Let b(d) = d**3 - d**2 + 63*d + 399. Calculate b(-6).
-231
Let y(n) = 2*n**3 - 81*n**2 + 28*n + 96. What is y(40)?
-384
Let r(y) = 2*y**2 + 12*y + 48. What is r(-4)?
32
Let k(s) = 49*s + 1836. What is k(-35)?
121
Let l(j) = -12*j**2 + 73*j + 20. What is l(6)?
26
Let p(z) = -12*z + 272. What is p(16)?
80
Let f(j) = j**2 - 120*j + 2704. Calculate f(30).
4
Let t(r) = r**2 - 30*r - 96. What is t(31)?
-65
Let w(r) = 2*r**2 + 41*r + 155. Determine w(-24).
323
Let z(g) = -4*g**3 - 63*g**2 + 18*g + 40. Determine z(